152 (base 9) to base 7
4424
What is -69 (base 14) in base 9?
-113
What is 1024 (base 7) in base 3?
111101
Convert 101111001 (base 2) to base 6.
1425
Convert 11011121 (base 3) to base 16.
be0
Convert -4906 (base 11) to base 16.
-1913
Convert -ab09 (base 15) to base 13.
-13653
114432 (base 5) to base 2
1000100001111
Convert 2233323 (base 4) to base 14.
4163
-10758 (base 13) to base 9
-44810
-1420 (base 6) to base 5
-2442
What is -22110 (base 5) in base 12?
-a76
Convert -3c (base 13) to base 7.
-102
What is 1584 (base 11) in base 10?
2028
-475 (base 14) to base 4
-31313
Convert 3050 (base 11) to base 14.
1692
-a3aa (base 12) to base 13
-8176
What is -44a0 (base 14) in base 4?
-2321330
Convert 6127 (base 15) to base 2.
101000000100000
What is 22543 (base 6) in base 7?
12264
Convert 1ad0 (base 16) to base 15.
2079
Convert 1215 (base 9) to base 7.
2432
Convert 3106 (base 11) to base 14.
1704
What is -20222101 (base 3) in base 13?
-2413
Convert 2125 (base 14) to base 4.
1121111
a34 (base 13) to base 5
23413
Convert 428d (base 15) to base 16.
3703
-6a9 (base 13) to base 7
-3235
What is -211133 (base 4) in base 3?
-10021212
Convert 112310 (base 5) to base 13.
1b1b
7b (base 15) to base 4
1310
What is -10b5 (base 12) in base 2?
-11101001001
4541 (base 11) to base 13
2947
Convert -25015 (base 6) to base 4.
-321203
What is -38c (base 16) in base 9?
-1218
Convert -5514 (base 7) to base 12.
-1183
Convert 14312 (base 6) to base 11.
178a
Convert 634 (base 8) to base 10.
412
What is 606 (base 16) in base 3?
2010010
Convert -137 (base 10) to base 8.
-211
-113123 (base 7) to base 15
-6038
23045 (base 7) to base 15
1b0e
What is -1000010011 (base 2) in base 10?
-531
What is -5264 (base 7) in base 11?
-1440
What is -10c1 (base 16) in base 11?
-324a
Convert a632 (base 11) to base 2.
11011011110111
-9a1 (base 12) to base 13
-850
What is -15286 (base 11) in base 16?
-5480
-331 (base 16) to base 4
-30301
Convert -191 (base 10) to base 3.
-21002
14d (base 15) to base 11
251
Convert -201210222 (base 3) to base 9.
-21728
What is e8 (base 15) in base 3?
22002
What is -22112 (base 4) in base 16?
-296
-18815 (base 10) to base 15
-5895
What is 2372 (base 9) in base 16?
6e6
Convert 3310 (base 4) to base 2.
11110100
Convert -187 (base 16) to base 5.
-3031
Convert -14888 (base 10) to base 3.
-202102102
What is -29 (base 14) in base 16?
-25
Convert -5446 (base 9) to base 14.
-1667
-182 (base 16) to base 13
-239
What is 313 (base 6) in base 5?
432
What is 244313 (base 5) in base 4?
2101311
What is -10646 (base 9) in base 3?
-100201120
Convert 778 (base 9) to base 11.
530
3294 (base 14) to base 15
28d9
What is -3a0b (base 15) in base 9?
-17882
What is -130103 (base 4) in base 13?
-a94
What is 102001000 (base 3) in base 15?
25b6
-21090 (base 11) to base 4
-13133320
Convert 207 (base 13) to base 9.
423
829 (base 12) to base 6
5253
Convert 1b51 (base 13) to base 9.
5580
-4162 (base 14) to base 12
-6622
What is -8b6b (base 13) in base 16?
-4c44
-4446 (base 9) to base 11
-2514
-132 (base 15) to base 12
-1a8
Convert -3414 (base 6) to base 5.
-11202
20022 (base 3) to base 11
145
Convert -420 (base 9) to base 14.
-1a6
-12002102 (base 3) to base 6
-25102
Convert 1760 (base 8) to base 12.
700
What is 43586 (base 9) in base 14?
a774
Convert -13233 (base 4) to base 16.
-1ef
Convert 1132 (base 7) to base 10.
415
What is -300311 (base 4) in base 12?
-1985
What is 20155 (base 12) in base 7?
232343
e57 (base 15) to base 10
3232
What is 1286 (base 11) in base 8?
3203
Convert 17225 (base 10) to base 13.
7ac0
What is 40 (base 11) in base 16?
2c
-99 (base 15) to base 12
-100
What is -2114 (base 9) in base 15?
-6d7
-1110102 (base 3) to base 10
-1064
What is 17652 (base 8) in base 6?
101310
-314150 (base 6) to base 8
-61722
-2200132 (base 4) to base 2
-10100000011110
What is -11012010 (base 3) in base 10?
-3054
What is 423 (base 13) in base 14?
385
Convert 3bb0 (base 16) to base 13.
6c55
Convert 27b5 (base 14) to base 8.
15553
What is 38 (base 12) in base 5?
134
What is -1404b (base 14) in base 10?
-49459
-145 (base 9) to base 15
-82
111100011 (base 2) to base 3
122220
885 (base 9) to base 2
1011010101
100000011011111 (base 2) to base 8
40337
Convert 9a67 (base 14) to base 2.
110100001111011
What is -2222 (base 6) in base 14?
-290
Convert -743 (base 10) to base 13.
-452
What is 5024 (base 16) in base 2?
101000000100100
Convert -513 (base 11) to base 16.
-26b
Convert 2254 (base 10) to base 5.
33004
2627 (base 9) to base 3
2200221
-28b (base 12) to base 4
-12023
487 (base 13) to base 15
377
-1650 (base 12) to base 9
-3566
What is 50321 (base 6) in base 2?
1100111001001
Convert -432 (base 10) to base 2.
-110110000
Convert -20302 (base 7) to base 5.
-124301
Convert -97 (base 14) to base 15.
-8d
400023 (base 5) to base 8
30341
Convert -93df (base 16) to base 8.
-111737
What is -21222210 (base 3) in base 8?
-13302
-73734 (base 9) to base 2
-1011111001001000
-17f7 (base 16) to base 6
-44223
What is 3180 (base 11) in base 4?
1001222
45 (base 11) to base 5
144
What is -200312 (base 4) in base 10?
-2102
Convert 54 (base 12) to base 4.
1000
Convert 1334300 (base 5) to base 13.
c657
97 (base 11) to base 12
8a
Convert -92c (base 15) to base 8.
-4023
Convert -b64 (base 12) to base 11.
-127a
Convert 107 (base 15) to base 6.
1024
What is 4578 (base 11) in base 4?
1131332
What is 37d1 (base 14) in base 3?
111102111
Convert 1010122 (base 3) to base 15.
3a2
Convert 6a (base 15) to base 10.
100
-15265 (base 11) to base 6
-244013
112113 (base 4) to base 11
1091
2013 (base 6) to base 15
1e6
36705 (base 8) to base 12
9199
10110122 (base 3) to base 15
b38
Convert -32a (base 15) to base 4.
-23023
Convert -875 (base 12) to base 13.
-746
What is -23c (base 13) in base 12?
-285
Convert -122333 (base 5) to base 8.
-11156
Convert -101100100111100 (base 2) to base 15.
-6b7e
Convert -141213 (base 6) to base 13.
-605a
-12443 (base 6) to base 2
-11101101011
-3ff (base 16) to base 15
-483
What is -221 (base 9) in base 16?
-b5
Convert -547 (base 11) to base 10.
-656
Convert 300241 (base 5) to base 8.
22346
What is 332 (base 7) in base 3?
20022
What is -9f9 (base 16) in base 7?
-10305
Convert -3153 (base 9) to base 16.
-90c
What is 100100001010111 (base 2) in base 13?
8577
25535 (base 7) to base 16
1a84
1751 (base 11) to base 12
1362
What is -101421 (base 6) in base 8?
-17725
Convert 3673 (base 16) to base 15.
41e4
What is -194 (base 14) in base 11?
-277
What is -104a (base 13) in base 2?
-100011010011
12330 (base 4) to base 11
374
106444 (base 8) to base 9
54506
79c (base 13) to base 8
2440
What is 9909 (base 10) in base 9?
14530
What is 2897a (base 11) in base 2?
1010000010010010
What is -5084 (base 11) in base 16?
-1a5b
Convert -a8 (base 11) to base 13.
-91
-100502 (base 6) to base 10
-7958
What is 542 (base 12) in base 5?
11040
What is -359 (base 12) in base 8?
-765
1730 (base 16) to base 12
3528
Convert 2000202212 (base 3) to base 4.
21233321
Convert -50442 (base 6) to base 13.
-3047
4751 (base 10) to base 2
1001010001111
21212200 (base 3) to base 16
166e
What is -22150 (base 9) in base 7?
-60606
Convert -12321 (base 4) to base 3.
-121100
2011012 (base 3) to base 7
4403
10400 (base 5) to base 16
2d5
Convert -4160 (base 11) to base 2.
-1010110000111
What is 212 (base 12) in base 5?
2202
Convert 4420 (base 5) to base 7.
1531
What is a42 (base 11) in base 4?
103220
-34180 (base 9) to base 12
-11200
Convert 1200 (base 13) to base 11.
19a5
1020202221 (base 3) to base 9
36687
Convert 210112 (base 3) to base 15.
28b
Convert -1553 (base 14) to base 6.
-25325
What is -13 (base 15) in base 14?
-14
Convert 1034 (base 7) to base 4.
11300
Convert 246 (base 7) to base 5.
1012
What is 1102152 (base 6) in base 8?
153224
What is 22332101 (base 4) in base 10?
44945
628 (base 11) to base 9
1030
Convert -431 (base 7) to base 16.
-da
Convert b7 (base 12) to base 16.
8b
What is -11111001001 (base 2) in base 9?
-2654
-1e5 (base 16) to base 9
-588
What is 131 (base 16) in base 12?
215
-35327 (base 9) to base 4
-11300230
-514415 (base 6) to base 11
-28a50
Convert 164 (base 9) to base 5.
1024
-b48 (base 15) to base 7
-10262
Convert 822 (base 12) to base 8.
2232
-3121 (base 4) to base 7
-430
Convert -23051 (base 6) to base 14.
-1299
What is 1129 (base 10) i